?
1
Let q = -315 - -455. Suppose -5*t + 84 = -t - l, 5*t - 120 = 5*l. What is the highest common divisor of t and q?
20
Let k = 27 - 29. Let c = 16 - k. Calculate the highest common divisor of 108 and c.
18
Let m(b) = 4*b + 8. Let s be m(-8). Let j be (-2)/(-3) - (-304)/s. Let y = 19 + j. What is the greatest common factor of 49 and y?
7
Let l = 4498 - 1906. Calculate the highest common divisor of l and 81.
81
Let r(q) = -36*q. Let c be r(-2). Suppose 8*n - c = 4*n. What is the highest common divisor of 45 and n?
9
Let u be -3 + 3 + (-2 - -17) + -2. Suppose 0 = -u*g + 18*g - 20. What is the greatest common factor of 1 and g?
1
Suppose 0 = 2*q + 106*n - 111*n - 816, 3*q = -n + 1241. Calculate the highest common factor of q and 14.
7
Let k(d) = 2*d - 18. Let n be k(18). Calculate the greatest common factor of n and 342.
18
Suppose 0 = 5*w - 6 - 9. Calculate the highest common factor of 192 and w.
3
Let f be (-7)/35 + (-11)/(-5). Suppose 0 = f*g + 3*g - 875. Let r = 16 - -19. What is the highest common factor of g and r?
35
Let s(n) = n + 3. Let a be s(15). Suppose a + 9 = 3*r. Calculate the greatest common factor of 117 and r.
9
Let b be (-3 - -4)/((-4)/(-152)). Calculate the highest common divisor of b and 646.
38
Let l(h) = -h**3 + 10*h**2 - h + 20. Let w be l(7). Let n be (-16)/(-24)*8*6. Calculate the greatest common divisor of n and w.
32
Let v = 147 + -92. Let q(l) = -5 + 4*l + 56*l**3 + 0*l - 3*l**2 + 3 - v*l**3. Let k be q(3). What is the greatest common divisor of k and 10?
10
Suppose 75 + 150 = 5*i. Let n(y) = 2*y**3 - 5*y**2 + 5*y + 6. Let b be n(3). Calculate the greatest common divisor of i and b.
15
Let v(n) = -2*n**3 + n**2 - 4*n - 7. Let l be v(5). Let w = l + 424. Let m = -109 + w. What is the highest common divisor of 7 and m?
7
Let n(z) = z + 11. Let l be (-2)/(-10) + (-410)/50. Let j be n(l). Calculate the greatest common factor of j and 33.
3
Let i(f) = 12*f**3 - 51 + 49 - f - 6*f**2 + 4*f**2. Let x be i(2). Calculate the highest common factor of 28 and x.
28
Let a be (-2)/(-2 - 0) + 14. Let t(z) = 6 + 4 - z - 8 + 8. Let x be t(0). What is the greatest common factor of x and a?
5
Suppose -147 = -4*c - 3*s, -4*c + 2*s + 213 = 51. Let o = c - 14. Let w = o - 21. What is the highest common divisor of 8 and w?
4
Suppose 4*o = 20, 3*p - 5*o + 3*o + 1 = 0. Suppose -p*c - 399 = -1422. Suppose -5*r + 6*r = c. Calculate the greatest common divisor of r and 31.
31
Suppose 2*p + p - 9 = 0. Suppose -4*o - z = -11, 2*z + 5 = -p*o + 17. Suppose -o*w + 6*w = 72. What is the highest common factor of w and 2?
2
Suppose 4*h - r = 4*r + 35, -4*r = -2*h + 16. Let o be 24/h*140/8. Let i be ((-6)/(-4) + 0)*4. What is the highest common factor of i and o?
6
Let y = -21 - -31. Let x be y/(-20) - (-81)/2. Let z be (2 + (-1)/2)/(9/60). What is the highest common divisor of z and x?
10
Suppose 0 = -5*v + 1 + 59. Suppose v = 2*m - 4*d, -2*m - d = -m - 12. Suppose -l = -0*l - m. What is the highest common divisor of 10 and l?
10
Let s = -6074 + 594. Let m be s/130 + (-2)/(-13). Let k be (m/(-10))/(7/35). Calculate the greatest common factor of 189 and k.
21
Suppose 0 = -4*a - 3*d + 2374, 25*d - 24*d = 4*a - 2382. Calculate the greatest common divisor of a and 35.
35
Let b be 4/(-10) - (-96)/15. Suppose -3*y + 4 = -5. Calculate the greatest common divisor of b and y.
3
Suppose 21 - 74 = -j. What is the greatest common factor of j and 53?
53
Suppose 5*m = m - 3*k - 23, -19 = 2*m + 3*k. Let w be (11 - 5 - 14)*m. Let a be -4*2/5*-10. Calculate the greatest common factor of w and a.
16
Let v(l) = 13*l**2 + 18*l - 7. Let b be v(-5). What is the highest common divisor of 156 and b?
12
Let f(p) = -9*p + 15. Suppose -7*q + 3*q - 40 = 0. Let v be f(q). What is the greatest common divisor of 35 and v?
35
Let v(k) = -k**3 - 3*k**2 + 7*k - 4. Let u be v(-7). Suppose -48 = -4*i - w, 3*i - 445*w + 450*w - 19 = 0. Calculate the greatest common factor of u and i.
13
Let n be ((-4)/(-1))/(2/19). Suppose 0 = 3*o + t - 104, 0 = -0*o - o + 3*t + n. Let w = -132 + 377. What is the greatest common divisor of o and w?
35
Let n be ((45/(-6))/((-3)/(-4)))/(-2). Suppose o + b - 8 = 0, -o - 5*b = -7*b - n. What is the greatest common divisor of 3 and o?
1
Suppose -1 = -3*u - 4, -a = -4*u - 11. What is the highest common divisor of 14 and a?
7
Suppose -21*x + 20*x = 52. Let z = -41 - x. What is the greatest common factor of z and 121?
11
Let r = 12 + -6. Suppose -304 - 368 = -3*i. Suppose 3*c = -10 + 4, 0 = -4*t + 4*c + i. Calculate the greatest common divisor of t and r.
6
Let c(x) = 4*x + 3. Let z(y) = 3*y + 2. Let q(o) = 4*c(o) - 5*z(o). Let a be q(9). Let w = a - -2. What is the greatest common divisor of w and 104?
13
Suppose -104*v + 100*v + 2380 = 0. What is the greatest common divisor of v and 35?
35
Suppose -2*w - 2 = -8. Let t(f) = 2*f**2 + 1 + 7*f - w*f**2 + 7. Let q be t(6). Calculate the greatest common factor of 42 and q.
14
Suppose 1203 = 13*q + 228. Calculate the highest common factor of q and 125.
25
Let l(o) = 2*o + 12. Let m be l(-8). Let u be (-1 + 75/(-6))*m. Suppose 167*h - 176*h + 162 = 0. What is the greatest common divisor of h and u?
18
Let h(z) = -z**3 - 8*z**2 - 7*z - 28. Let w be h(-8). Calculate the highest common factor of w and 28.
28
Let a(g) = -3*g - 8. Let u be a(-4). Suppose 0*v - 8 = -u*v. Let t(y) = -2*y - 4. Let x be t(-5). What is the greatest common factor of v and x?
2
Let h(a) = a**2 - 5*a + 8. Let v = -14 - -16. Suppose 0 = n - 6 + v. Let j be h(n). Calculate the greatest common factor of 44 and j.
4
Let w = 355 + -198. Let b = w - 107. Calculate the highest common factor of b and 450.
50
Let w(c) = 6*c + 6. Let s be w(-5). Let t = -25 - s. Let q be 74 + t + (0 - 3). Calculate the highest common factor of q and 14.
14
Let y(n) be the first derivative of n**3/3 - n**2 - n + 3. Let m be y(-3). Let o be (-30 - -3)/(4/(112/(-6))). Calculate the highest common factor of o and m.
14
Suppose 0 = 3*j + 5*u - 19, -3*j + 2*j - 2*u + 6 = 0. Suppose j*a = 3*a + 45. Calculate the greatest common factor of 72 and a.
9
Let v(a) = a**3 + 18*a**2 - 17*a - 2. Let q be v(-19). Let c = q - -70. What is the greatest common divisor of c and 20?
10
Let v be ((-54)/(-10))/(108/360). What is the greatest common factor of v and 171?
9
Let n(z) = 2*z**3 - 6*z**2 - 35*z + 176. Let d be n(4). Suppose v + 11 = 62. What is the highest common divisor of v and d?
17
Let p(d) = 4*d - 33 - 5*d - d**2 + 19. Let r be p(0). Let s be 21/(-2)*240/r. Calculate the greatest common divisor of s and 20.
20
Suppose -53*t - 74*t = -381. Let b be (-40)/(-7) + (-2)/(-7). Calculate the greatest common divisor of t and b.
3
Let h(x) = -12*x - 2. Let r be h(-10). Suppose 4*w = -5*b - 361, 4*w = -3*b - 469 + r. Let y be (1/(-2))/(1/w). What is the greatest common factor of 14 and y?
14
Let u(y) = -y**2 - 26*y - 22. Let q be u(-24). What is the highest common factor of q and 39?
13
Suppose 0*d = -4*d + 192. Suppose 3*o + 3 = 12. Let b be ((-8)/o)/(8/(-216)). What is the greatest common factor of b and d?
24
Let m be 103 + 1 + (12 - 10). Let g = -88 + m. What is the highest common divisor of 144 and g?
18
Let a(x) = -3*x + 49. Let b be a(7). What is the highest common factor of b and 12?
4
Let b = 23 - 2. Let o(q) = q**3 - 98*q**2 + 1111*q - 507. Let g be o(85). Calculate the greatest common factor of g and b.
3
Let m(p) be the second derivative of p**4/6 + 7*p**3/6 + p**2/2 - p. Let y be m(-5). Calculate the greatest common divisor of 24 and y.
8
Suppose -w - p + 89 = 0, -50*w = -52*w - p + 178. What is the greatest common factor of w and 89?
89
Let t = 1089 + -1047. Suppose 0*k + 3*i = 2*k - 36, k - 4*i = 28. Calculate the greatest common factor of t and k.
6
Suppose 3*f - 5*l = 7*f - 758, -5*f - 2*l + 956 = 0. Suppose 48 = 196*w - f*w. What is the greatest common factor of 8 and w?
4
Suppose 2*z - 3*u = -1, -2*z = -5*u - 29 + 32. Let h = -9 - -14. Calculate the highest common factor of z and h.
1
Let j be (-128)/(-224) + (-2792)/(-14) + -2. Calculate the greatest common divisor of j and 36.
18
Let t(g) = -g**3 + 3*g**2 + 4*g + 3. Suppose -5*f - 11 = -3*x, 0 - 4 = -4*x + 4*f. Let n be t(x). What is the highest common divisor of 18 and n?
9
Let q = 260 + -217. What is the highest commo